 = 22 + 0. Suppose 4*w = 5*g + n, g - 3*g - 4 = 0. Suppose -51 = -v - w*c, -195 + 34 = -3*v - 5*c. What is the tens digit of v?
5
Let w(y) = -y**3 - 5*y**2 + 2*y - 20. Let h be w(-6). Suppose 2*o - h*m - 24 = 0, 4*m + 33 = 4*o + m. Suppose o*b - 10 = 134. What is the tens digit of b?
2
Suppose -2459561 = -67*s - 964456. What is the hundreds digit of s?
3
Suppose -23*d - 4*d - 3*d = -85350. What is the tens digit of d?
4
Let b = 3706 + -2005. What is the units digit of b?
1
Suppose 15*p - 6 = 13*p. Suppose 3*b - 17 = -8, -4*b = p*k - 1920. What is the hundreds digit of k?
6
Let h = -35 + 40. Suppose -h*i - 18 = -33. Suppose 3*d = -5*s + 3 + i, 0 = 4*s + 12. What is the units digit of d?
7
Let b be 5/10 + 9/6. What is the units digit of 273 + (b/(-1) - 0)?
1
Suppose -62*v + 3 = -63*v, 4*v = -3*f + 11124. What is the units digit of f?
2
Let l(k) = 6 + k + 5 + 41*k + 3*k - 3*k**2. Let j be l(11). Let o = 62 + j. What is the tens digit of o?
0
Let s be 35/10*(-5536)/(-56). Let b = 909 - s. What is the units digit of b?
3
Suppose 4*a + 5*r = 177651, 230*a - 223*a - 4*r = 310800. What is the tens digit of a?
0
Suppose 1469298 = 143*c + 323*c. What is the thousands digit of c?
3
Let k(c) = -c**2 - 2*c + 64. Let u be k(18). Let j = u - -374. What is the units digit of j?
8
Let z = 118 - 129. Let p(q) = 7*q**2 + 25*q + 24. What is the hundreds digit of p(z)?
5
Let a(g) = -g**3 + 2*g**2 + 1. Let u be a(2). Let t(n) = 201*n - 68*n + 3 - 5. What is the tens digit of t(u)?
3
Let a(t) = t**3 - 6*t**2 - 4*t - 26. Let d be a(6). Let b = d + 95. What is the tens digit of b?
4
What is the hundreds digit of 3159 + (12/(-10))/((-108)/270)?
1
Suppose 2*k - 5 = 7*k, 3*i - 284 = -4*k. Suppose d - 63 = i. What is the units digit of d + -5 + -4 + 6?
6
What is the thousands digit of (1305/580)/((-3)/(-5252))?
3
Suppose -6*t - 26*t + 27296 = 0. Suppose -5*y + t = 2*b - 6*y, -5*b - 2*y + 2110 = 0. What is the hundreds digit of b?
4
Let p be 313 - ((8 - 2) + (0 - 4)). Let b = -186 + p. What is the hundreds digit of b?
1
What is the hundreds digit of (1391/39)/((-3)/(-549))?
5
Suppose 0 = 3*x + 5*p - 26, 2*x = 3*x - 3*p + 10. Let m be 14/((-12)/9 + (x - 0)). Let n = 42 + m. What is the tens digit of n?
6
Let d be 18 + (2 - 2 - 3) - -4. Suppose 1830 + 51 = d*p. What is the tens digit of p?
9
Let h = 1711 + -2791. Let a = h + 2009. What is the units digit of a?
9
Let n be 3 + (2 - -31)*(-5)/15. What is the units digit of (-39 - -36)*3/(9/n)?
8
Let m(x) = 2*x**2 - 135*x - 1204. What is the hundreds digit of m(-10)?
3
Suppose 4*s + 3*m = 110381 + 37447, 36968 = s - 2*m. What is the units digit of s?
0
Let y = -763 - -3524. Let m = y + -1912. What is the tens digit of m?
4
Let b(c) = -56*c**2 + 57*c**2 - 8*c + 9 - 2*c. Let q be b(7). What is the hundreds digit of (-40)/q*(-312)/(-10)?
1
Let p = 67259 - 14716. What is the units digit of p?
3
What is the hundreds digit of -1391*(-13 - (7 + -18))?
7
Suppose -n + 2*k + 9 = 0, 7*n - 10*n + 4*k + 17 = 0. What is the tens digit of ((-164)/123)/((2/42)/n)?
2
Let n = -55586 - -99292. What is the units digit of n?
6
Let m be (-3 - 13 - 4)*(2 + -4). Let r = 272 + m. What is the tens digit of r?
1
Suppose 0 = 2*d + 2*i - 8, -4*i + 10 = 2. Let n(u) be the second derivative of 5*u**4/12 - 5*u**3/6 + 5*u**2/2 - 26*u. What is the tens digit of n(d)?
1
Suppose 10*d - 126 = 3*d. Suppose 10*m = d*m - 8608. What is the hundreds digit of m?
0
Suppose -24*s - 10 = -23*s - 5*m, -8 = -4*s - 4*m. Let u = -17 + 30. Suppose 0 = 5*h - c - 35, s*h + c - u = -h. What is the units digit of h?
8
Let i = -133 - -139. Suppose 4*o + 272 = 2*f, 672 = 5*f + 4*o - i*o. What is the hundreds digit of f?
1
Let s = 377 - -293. Let c = s + -336. What is the units digit of c?
4
Suppose -21*j = 40 - 145. What is the hundreds digit of 213 + (13 - j - 10)?
2
Suppose -4*l + 5*o - 13 = 0, -4*l - 8*o + 7*o + 17 = 0. Suppose 0*v + v + 7440 = 0. What is the tens digit of (-1)/5 + (v/(-25))/l?
9
Let l(t) = -860*t - 1775. What is the hundreds digit of l(-6)?
3
Let y = -13638 + 30532. Suppose 11*g - 1476 - y = 0. What is the hundreds digit of g?
6
What is the ten thousands digit of 742023/(-29)*(5 + -5 + -1)?
2
Let o(j) = -j**2 + 31*j + 18. Suppose -3*c - 9 = 0, 7*h - 4*h + 4*c - 135 = 0. Let s = -22 + h. What is the units digit of o(s)?
6
What is the ten thousands digit of -17 - (-3883245)/225 - (0 + (-4)/30)?
1
Suppose -21 = -2*p - 2*p + 3*v, -5*p - 4*v + 34 = 0. Let o be 1/6 - (-41)/p. Let y = o + 60. What is the tens digit of y?
6
Suppose 1412396 = 190*s - 1354595 - 811469. What is the hundreds digit of s?
8
Let h be ((-4)/(-6))/((-20)/(-330)). Suppose t - 2*t = z - h, -3*z = -4*t - 19. Suppose -4 = 4*u + 4*y, -5*y - z = -4*u + 32. What is the units digit of u?
4
Let d(r) = 32*r**2 + 16*r - 7018. Let p(y) = 6*y**2 + 3*y - 1404. Let v(a) = 2*d(a) - 11*p(a). What is the units digit of v(0)?
8
Let g be -10*(1 - 8/5). Let r = -3 + g. Suppose -79 + 13 = -r*h. What is the units digit of h?
2
What is the thousands digit of ((-66)/(-297) - (-480805)/9)*1/1?
3
Suppose 12*v - 1 = 16*v + 3*j, -3*v + 5*j + 21 = 0. Let g(w) = 133*w**2 - 7*w + 18. What is the tens digit of g(v)?
3
Suppose 0 = 2*f + 2, 4*h = -2*f + f + 971. Suppose a - 4*w = h, -1014 = 3*a - 7*a - 5*w. What is the units digit of a?
1
Let b(x) = -3*x**2 - x - 5. Let i(p) = p**3 - 7*p**2 + p - 2. Let y be i(7). Let o be b(y). Let j = o + 132. What is the units digit of j?
7
Let d(o) be the first derivative of 11*o**3/3 - 7*o**2/2 + 12*o - 2. Let c be ((17 - 21) + 3)/((-3)/9). What is the units digit of d(c)?
0
Let v be 400/14 - 12/21. Let u = -17 + v. Let n = 29 - u. What is the units digit of n?
8
Let u be (-15)/3 - (-23 - -9). Suppose -2*l + 1764 = 3*n, -u*n + 2*l = -4*n - 2924. What is the hundreds digit of n?
5
Let o(m) be the first derivative of -17*m**2/2 - 66*m + 140. What is the hundreds digit of o(-11)?
1
Let i be ((-8)/(-10))/(1/55). Suppose 3*c - 71 = 2*c + 4*w, c - i = -5*w. Suppose p - 28 - c = 0. What is the tens digit of p?
8
Let t(d) = -38*d**3 - 3*d**2 - d. Let u = -35 + 38. Suppose -2*s + u*v = v, 0 = -2*s - 5*v - 7. What is the units digit of t(s)?
6
Suppose 6*u - 12 - 18 = 0. Suppose 2*n + t = 115, 0 = -5*n - u*t + 304 - 19. What is the units digit of n?
8
Suppose o = 4*j - 10, 3*j + o = 4 - 0. Suppose -j*r + 39 = -33. What is the units digit of r?
6
Suppose -3*j + 15 = 9. Suppose -5*d - j*f + 1304 = -d, 0 = -4*d + f + 1304. What is the tens digit of d?
2
Let z = 22 + -29. Let f(c) = -c**2 - 6*c + 4. Let t be f(z). What is the units digit of (-137 - t)*7/(-14)?
7
Let z(s) = -s**3 + 31*s**2 + 3*s + 205. What is the hundreds digit of z(15)?
8
Let l(z) = 7*z - 17. Let v be l(3). Suppose 0 = v*c - 3*n - 922, c = 3*n - 2*n + 231. What is the hundreds digit of c?
2
Let y(l) be the first derivative of 23*l**2 - 2*l - 156. Let m(b) = -b**3 - 10*b**2 + b + 12. Let t be m(-10). What is the units digit of y(t)?
0
Let s = 94 + -90. Suppose -3*h + 5*y = s, y - 8 = -3*y. Suppose 0*f + h*f = 388. What is the hundreds digit of f?
1
Let j be (818/(-6))/1 + (-10)/15. Let u = -236 - j. Let w = u + 173. What is the tens digit of w?
7
Suppose -59*w = -55*w + 12396. Let r = -2154 - w. What is the units digit of r?
5
Let k(w) = w**2 + 5*w - 16. Let c(n) = -n**2 - 5*n + 17. Let a(u) = -2*c(u) - 3*k(u). Let v be a(-7). What is the units digit of 5054/70 - (v - 1/(-5))?
2
Let x(j) = -j**2 + 23*j + 12. Let s be 0 + (15/(-18))/(1/(-6)). Let h be -2*s/(-20)*26. What is the tens digit of x(h)?
4
Suppose -85*n + 406989 - 33809 = -806535. What is the hundreds digit of n?
8
Let n(f) = 1392*f - 7. Let w be n(1). Suppose 60*j = 55*j + w. What is the hundreds digit of j?
2
Let t = 3496 - 2383. What is the hundreds digit of t?
1
Let b be 8/(-14)*(-7 - (-210)/(-12)). What is the tens digit of 373 - 7/(b/8)?
6
Let d(h) be the third derivative of 5*h**5/3 + h**3/6 + h**2 - 2. Let x = 4 - 3. What is the hundreds digit of d(x)?
1
Let t be (0 - 39/(-52))*(1 - -3). Suppose -t*j - 2815 = -5*i, 5*i - 867 - 1948 = -5*j. What is the hundreds digit of i?
5
What is the hundreds digit of (806/3627)/((-4)/(-33714))?
8
Suppose 0 = 6971*k - 6959*k - 20484. What is the tens digit of k?
0
Let i = 15898 - 6745. What is the thousands digit of i?
9
Let c be 1/1*